ate b(t).
-4
Let k = 11 + -5. Let s = 9 - k. Let l(d) = 2 + d**2 + 3 - 5*d - s. What is l(4)?
-2
Let d = -20 - -8. Let o be (-2)/4*(-12 - d). Let j(b) = -b + 6. What is j(o)?
6
Let g(r) = 6*r**3 + r**2 + r - 1. Let k be g(1). Let c be (-39)/13 - 30/(-2). Let b = c - k. Let q(l) = -l + 1. Calculate q(b).
-4
Let y(z) = z + 2. Let d(x) = -5*x - 11. Let s(w) = 2*d(w) + 11*y(w). Suppose 0 = p - 2*m - 2 - 2, 4 = p - 4*m. Give s(p).
4
Let y(o) = -3*o**3 + 2*o**2 + 2*o + 6. Let d(k) = -k**3 + k + 1. Let i(x) = -2*d(x) + y(x). Let l = -1 + 6. Suppose 5*q = -l + 20. Determine i(q).
-5
Let r be (-3)/((-6)/16*2). Suppose -r = 3*i - 4*c, 3*i - c + 5 = 4*c. Let b(f) = f + 7. What is b(i)?
7
Suppose 5 - 2 = h. Suppose 0 = h*v + 4*c - 0*c - 26, 24 = 5*v - 3*c. Let z = 5 - v. Let g(i) = 6*i - 1. Calculate g(z).
-7
Let x(p) be the first derivative of -4/3*p**3 - 2 - p**2 + p - 1/4*p**4. What is x(-4)?
9
Suppose n = -4*n. Let u(m) = n*m - m**2 - 5*m + 4 + m + 2*m. Suppose 0*o - 2*o - 4*p + 10 = 0, 5*p - 20 = -5*o. Give u(o).
-11
Let z(k) = k**3 + k - 1. Let x(h) = h**2 + 3*h - 7. Let t be x(-5). Suppose 3 = t*r - 9. Let q = r + -3. Determine z(q).
1
Let t(b) be the first derivative of b**3/3 + 4*b + 2. Suppose -4*v = -v. What is t(v)?
4
Let w(x) be the first derivative of x**3/3 - 2*x**2 - 5*x + 20. Let i = 3 + 2. Determine w(i).
0
Let z(c) = -c**2 + 6*c - 1. Suppose j - 15 = -2*j. Let w be z(j). Suppose -4*g - 8 = x, 2*x - x = w*g. Let k(b) = b**2 - 2*b - 1. Calculate k(g).
2
Let p(r) = 1. Let n(f) = -f - 9. Let t(l) = -2*n(l) - 10*p(l). What is t(-6)?
-4
Suppose 0 = -3*n + 10*c - 5*c - 28, -5*n = c + 28. Let t(f) = -f**2 - 8*f + 1. Determine t(n).
13
Let j(a) = -2*a - 4. Suppose -k - 24 = 4*o - 0*k, 2*o = -k - 14. Give j(o).
6
Let q(b) = b**2 + b - 5. Let d(r) = -2*r + 24. Let t be d(12). Give q(t).
-5
Let a(q) = -q**2 + 3*q - 1. Let l(m) = m**3 + 11*m**2 + 10*m + 2. Let f be l(-10). Give a(f).
1
Let o(z) = -z - 2. Let n be o(-2). Let g be -2 - 10/(n + -2). Let r(f) = -6*f - 6*f + f**g - 3*f**2 + 5*f + 5. Give r(4).
-7
Let r(z) = -z**3 - 3*z**2 - z - 1. Let u(f) = -2*f - 6. Let t(w) = w + 4. Let n(x) = 8*t(x) + 5*u(x). Let h be n(2). Calculate r(h).
-3
Let k(p) = -p + 4*p**2 - 2 + 2. Let s(j) = j**3 + 3*j**2 - 5*j + 3. Let y be s(-4). Let i = y - 8. Determine k(i).
5
Let n(y) = -y**3 + 7*y**2 - 4*y - 7. Let d be n(6). Suppose -f + 3 = q, f + d*q = -0*q - 9. Let g(v) = v - 6. Calculate g(f).
0
Let i(t) = 6*t**2 + 24 - t**3 + 20*t - 18*t - 20. Determine i(6).
16
Let a(p) = -16*p**2 - 5*p + 6 + 15*p**2 - 4. Determine a(-5).
2
Suppose k - 3 = -4. Let t be -1*(-7)/((-28)/(-8)). Let m(i) = 4 + 0 - 3 - 2*i - 7*i**t + 3*i. What is m(k)?
-7
Let w(c) be the second derivative of c**3/6 + c**2/2 - c. Let l(p) = 4*p + 8. Let r(b) = l(b) - 6*w(b). Give r(3).
-4
Let f(a) = 5*a**2 + 7*a - 5*a + 8 - a**3 + 3*a. Let n be 6 - 1*(0 + 0). What is f(n)?
2
Let b(h) = -h**2 + 8*h - 8. Suppose -5*m - 8 = -38. Let v be b(m). Let p(a) = a**3 - 4*a**2 - a. Determine p(v).
-4
Suppose -7*k + 20 = -2*k. Suppose 0 = 2*q - 2 - k. Let p(j) = j - 4. Give p(q).
-1
Let f(a) = 38*a - 42*a - 3*a**2 + 2*a**2. Give f(-5).
-5
Let a(j) be the second derivative of 5*j**3/2 - j**2/2 - 14*j. Calculate a(1).
14
Let p be (-2)/4*(-2)/1. Let h(r) = 2 + r - 2*r - p - 3. Determine h(-3).
1
Suppose 3*m - 13 = -1. Let n = 1 + 1. Let p(r) = m - 6*r + 5*r - n. Determine p(4).
-2
Let w = 3 + 0. Suppose -4*s - w = -s. Let r(m) = 2*m**2 + m + 1. Determine r(s).
2
Let w(x) = -4*x**2 + 1. Let i = 7 - 8. Let m = i - 0. Determine w(m).
-3
Let i(r) = -r**2 + 7*r - 6. Suppose 9 = 2*u - 2*s - s, 4*s = 4. Determine i(u).
0
Let m(l) = 8*l**2 - l - 1. Suppose 0*o + 4 = -4*o. Suppose 2*c = 4*c - j + 3, 5*c - 2*j = -6. Let q = o + c. Determine m(q).
8
Let q(g) = g**2 - 3*g - 3. Let v be q(5). Let y be (-3 + v)/(-4) - 1. Let r(i) = 2*i**2 + i - 1. What is r(y)?
5
Let k(m) = m + 3. Suppose -2*t = 4*n - 58, -2*t = 3*t + n - 100. Suppose -21 = 5*j + 3*s, 5*j + 4*s + 4 = -t. What is k(j)?
0
Let d(l) = l**2 + 5*l - 7. Let c(q) = -4*q**2 - 14*q + 23. Let t(w) = 2*c(w) + 7*d(w). Give t(6).
3
Let x(t) = 4*t**2 + 5 - 2*t - 3*t**2 + 4*t + 2*t. Let j(z) = z**2 + 3*z + 4. Let q(v) = -6*j(v) + 5*x(v). Determine q(3).
-2
Suppose -2*m = 4*y - 32, -5*m + 5*y + 2 = -3. Let r be m/(-10) - 64/(-40). Let k(o) be the second derivative of -o**5/5 + o**4/6 - o**2/2 - o. Give k(r).
-3
Suppose 18 = 2*a + 4*b, 15 = 5*a + 4*b - 12. Suppose -a*d - d + 16 = 0. Let k(f) = f**3 - 4*f**2 - 2*f + 6. Calculate k(d).
-2
Let p(w) be the third derivative of -w**7/840 + w**6/360 - w**5/120 - w**4/8 - w**3/3 + 2*w**2. Let z(v) be the first derivative of p(v). What is z(0)?
-3
Let p(m) = 18*m - 7. Let j(n) = -17*n + 5. Let k(a) = 3*j(a) + 2*p(a). Determine k(-1).
16
Let o(p) = 3*p**2 - 2*p + 5. Let w(r) = 7*r**2 - 3*r + 11. Let u(m) = -5*o(m) + 2*w(m). Let l = -6 + 10. Determine u(l).
-3
Let m(z) = 3*z + 7. Let y(a) = -a**2 + a + 5. Let o be y(-3). Determine m(o).
-14
Let j(h) = -h. Let a(d) = 2*d**3 - 3*d**2 - 5*d - 1. Let o(v) = a(v) - 6*j(v). Let f = -29 + 31. Give o(f).
5
Let f(j) = 0 - 45*j**2 - 12*j**3 - 1 - 2*j + 43*j**2. Determine f(-1).
11
Let p(r) = 2*r**2 + 5*r**3 - 1 - 3*r**3 - r**3. Let w = -145 - -142. Give p(w).
-10
Let c(a) be the third derivative of -2*a**2 - 1/20*a**5 + 0 + 0*a**3 - 1/120*a**6 + 0*a + 0*a**4. Suppose -2*f - j = 3*f + 12, 0 = -f + 3*j - 12. Give c(f).
0
Let m(y) = -4*y**3 - 16*y**2 - 12*y - 4. Let h(x) = 3*x**3 + 11*x**2 + 8*x + 3. Let t(u) = 7*h(u) + 5*m(u). Calculate t(4).
1
Let c(w) = w + 2. Let d be (-9 + 2)/(2/(-6)). Suppose 0 = -5*v - 0*v + z + 12, 0 = -5*v - 2*z + d. Let g be c(v). Let k(p) = -2*p + 6. Give k(g).
-4
Let x(r) = -2*r + 12. Let c be x(-5). Let v = -19 + c. Let y(k) = -7*k + 10. Let n(u) = -u + 1. Let w(l) = -6*n(l) + y(l). Determine w(v).
1
Let u(m) be the first derivative of -m**3/3 + 3*m**2 - 5*m - 8. Give u(6).
-5
Let m(t) = -t**3 - 5*t**2 - t - 6. Let v = -12 - -12. Suppose -g - 3 - 2 = v. Give m(g).
-1
Let p(t) be the first derivative of t**3/3 + 3*t**2 - 2*t - 19. Calculate p(-5).
-7
Let w(l) = -l**2 - l + 5. Suppose -5*o + 13 = -7. Suppose 0*z - 20 = -o*z. Suppose 3*n = -b + 7*n - 4, 5*b + z*n = -20. What is w(b)?
-7
Let v(n) = 3*n**2 + 5*n + 1. Let b(c) = 4*c**2 + 6*c + 1. Let t(f) = 4*b(f) - 5*v(f). What is t(-1)?
1
Suppose z + 4 = 3*z. Suppose b + z*b = 0. Let n(v) = -3*v + 17. Let j(f) = 5*f - 26. Let q(g) = 5*j(g) + 8*n(g). Give q(b).
6
Let b(r) be the second derivative of -r**4/12 - r**3 - 7*r**2/2 - 6*r. Give b(-5).
-2
Let u(q) = q**3 + 3*q**2 - 3. Let v be ((-6)/4)/((-15)/40). Suppose 2*z = 3*z - v*k + 14, 3*k - 9 = 0. Let p be (2 - 0) + (z - 3). Determine u(p).
-3
Let b(a) be the third derivative of a**4/4 + 6*a**2. What is b(-2)?
-12
Let t(v) = v**3 + 5*v**2. Let y = -8 + 4. Let f be y/20 + (-32)/(-10). Let x be (f + 33/(-6))*2. Determine t(x).
0
Let a(u) = -u**3 - 6*u**2 - u - 4. Let b(c) = -2*c - 1. Let p be b(3). Let o be 2/2*p + 1. What is a(o)?
2
Let d(y) = -y - 1. Let k be d(-6). Suppose -4*q = -k*q. Suppose 3*g = -2*u, g + q*u + 14 = 4*u. Let j(b) = -b**3 - 2*b**2 + b - 1. Determine j(g).
-3
Let u be (0 + 2)*(0 + 4). Suppose -k - 3*x - u = 0, -3*k + 0*x + 18 = -5*x. Let q(b) = 4*b**2 - b + 1. What is q(k)?
4
Let s(a) = 3*a - 11. Let m(q) = -2*q + 10. Let o(v) = -7*m(v) - 6*s(v). Determine o(-3).
8
Let v be (-6)/(-15) + 46/10. Suppose 6*d - d - 12 = -l, v*d - 4*l - 2 = 0. Let n(k) = 4 + 3*k**2 - k - 8 - d*k**2. Give n(3).
2
Let n(q) = q**3 - 2*q - 1. Let x be 1 - 1 - 2/1. Determine n(x).
-5
Let w(q) be the third derivative of 0*q + 0 + 2/3*q**3 + 1/20*q**5 - 6*q**2 - 1/8*q**4 + 1/120*q**6. Calculate w(-4).
0
Let x(q) = 2*q + 13. Let i(c) = -c - 7. Let f(s) = -7*i(s) - 4*x(s). Let u be 2/(-12) + (-62)/(-12). Let d be 2/(-5) + 17/u. Give f(d).
-6
Let z be 0 - 2/(-4)*6. Let g(o) = -4*o + 4. Give g(z).
-8
Let c(a) = a**3 - 2*a**2 - 4*a. Suppose -3*i - i = -12. Let z be i*-2 - -2 - -2. Let r be z/8 - 26/(-8). Give c(r).
-3
Let g(m) = -3*m - 5. Suppose 0 = 3*c + 6, -3*s + 16 = 2*s + 2*c. Let n(x) = x**3 - 5*x**2 + 2*x + 4. Let h be n(s). Give g(h).
7
Let p(x) = x**2 + 4. Let a be p(3). Let y(o) = o**3 - 13*o**2 + 1. Let u be y(a). Let b(s) = s**2 - s + 1. Determine b(u).
1
Let l(w) = 2*w**3 + w